{"version":"1.0","provider_name":"La Maison naturelle | Blog","provider_url":"https:\/\/www.la-maison-naturelle.com\/blog","author_name":"Eloise","author_url":"https:\/\/www.la-maison-naturelle.com\/blog\/author\/idries\/","title":"[DM] ALERTE MAISON BBC ET POLLUANTS INTERIEURS - La Maison naturelle | Blog","type":"rich","width":600,"height":338,"html":"<blockquote class=\"wp-embedded-content\" data-secret=\"qDHn9FkQnG\"><a href=\"https:\/\/www.la-maison-naturelle.com\/blog\/alerte-maison-bbc-et-polluants-interieurs\/\">[DM] ALERTE MAISON BBC ET POLLUANTS INTERIEURS<\/a><\/blockquote><iframe sandbox=\"allow-scripts\" security=\"restricted\" src=\"https:\/\/www.la-maison-naturelle.com\/blog\/alerte-maison-bbc-et-polluants-interieurs\/embed\/#?secret=qDHn9FkQnG\" width=\"600\" height=\"338\" title=\"\u00ab\u00a0[DM] ALERTE MAISON BBC ET POLLUANTS INTERIEURS\u00a0\u00bb &#8212; La Maison naturelle | Blog\" data-secret=\"qDHn9FkQnG\" frameborder=\"0\" marginwidth=\"0\" marginheight=\"0\" scrolling=\"no\" class=\"wp-embedded-content\"><\/iframe><script type=\"text\/javascript\">\n\/* <![CDATA[ *\/\n\/*! This file is auto-generated *\/\n!function(d,l){\"use strict\";l.querySelector&&d.addEventListener&&\"undefined\"!=typeof URL&&(d.wp=d.wp||{},d.wp.receiveEmbedMessage||(d.wp.receiveEmbedMessage=function(e){var t=e.data;if((t||t.secret||t.message||t.value)&&!\/[^a-zA-Z0-9]\/.test(t.secret)){for(var s,r,n,a=l.querySelectorAll('iframe[data-secret=\"'+t.secret+'\"]'),o=l.querySelectorAll('blockquote[data-secret=\"'+t.secret+'\"]'),c=new RegExp(\"^https?:$\",\"i\"),i=0;i<o.length;i++)o[i].style.display=\"none\";for(i=0;i<a.length;i++)s=a[i],e.source===s.contentWindow&&(s.removeAttribute(\"style\"),\"height\"===t.message?(1e3<(r=parseInt(t.value,10))?r=1e3:~~r<200&&(r=200),s.height=r):\"link\"===t.message&&(r=new URL(s.getAttribute(\"src\")),n=new URL(t.value),c.test(n.protocol))&&n.host===r.host&&l.activeElement===s&&(d.top.location.href=t.value))}},d.addEventListener(\"message\",d.wp.receiveEmbedMessage,!1),l.addEventListener(\"DOMContentLoaded\",function(){for(var e,t,s=l.querySelectorAll(\"iframe.wp-embedded-content\"),r=0;r<s.length;r++)(t=(e=s[r]).getAttribute(\"data-secret\"))||(t=Math.random().toString(36).substring(2,12),e.src+=\"#?secret=\"+t,e.setAttribute(\"data-secret\",t)),e.contentWindow.postMessage({message:\"ready\",secret:t},\"*\")},!1)))}(window,document);\n\/* ]]> *\/\n<\/script>\n","description":"Le concept Z&rsquo;R pour Zen et Responsable est le prototype de la maison de demain selon la f\u00e9d\u00e9ration de constructeur. Nul doute que la technologie facilite la ma\u00eetrise des co\u00fbts \u00e9nerg\u00e9tique dans certaines configurations d&rsquo;implantations d\u00e9favorables. Faut-il construire dans ce cas? Ne reste-t-il en France que les terrains que les anciens jugeaient impropre \u00e0 la [&hellip;]"}

Le concept Z&rsquo;R pour Zen et Responsable est le prototype de la maison de demain selon la fédération de constructeur. Nul doute que la technologie facilite la maîtrise des coûts énergétique dans certaines configurations d&rsquo;implantations défavorables. Faut-il construire dans ce cas? Ne reste-t-il en France que les terrains que les anciens jugeaient impropre à la [&hellip;]
